{"id":520,"date":"2025-05-15T22:11:24","date_gmt":"2025-05-15T22:11:24","guid":{"rendered":"https:\/\/clubelisboa.pt\/conf-debates-eventos\/africa-e-as-eleicoes-nos-eua-2\/"},"modified":"2025-05-28T01:01:16","modified_gmt":"2025-05-28T01:01:16","slug":"africa-e-as-eleicoes-nos-eua-2","status":"publish","type":"conf-debates-eventos","link":"https:\/\/clubelisboa.pt\/en\/conf-debates-eventos\/africa-e-as-eleicoes-nos-eua-2\/","title":{"rendered":"MIGRA\u00c7\u00d5ES E REFUGIADOS: NATUREZA GEOGR\u00c1FICA DAS DESLOCA\u00c7\u00d5ES"},"content":{"rendered":"","protected":false},"featured_media":430,"template":"","tags":[],"class_list":["post-520","conf-debates-eventos","type-conf-debates-eventos","status-publish","has-post-thumbnail","hentry","categoria-tematica-desenvolvimento-en","categoria-geografica-outras-regioes-en","conf-debates-eventos-cat-lisbon-speed-talks-en"],"acf":[],"yoast_head":"<!-- This site is optimized with the Yoast SEO plugin v26.2 - https:\/\/yoast.com\/wordpress\/plugins\/seo\/ -->\n<title>MIGRA\u00c7\u00d5ES E REFUGIADOS: NATUREZA GEOGR\u00c1FICA DAS DESLOCA\u00c7\u00d5ES - Clube Lisboa<\/title>\n<meta name=\"robots\" content=\"index, follow, max-snippet:-1, max-image-preview:large, max-video-preview:-1\" \/>\n<link rel=\"canonical\" href=\"https:\/\/clubelisboa.pt\/en\/conf-debates-eventos\/africa-e-as-eleicoes-nos-eua-2\/\" \/>\n<meta property=\"og:locale\" content=\"en_US\" \/>\n<meta property=\"og:type\" content=\"article\" \/>\n<meta property=\"og:title\" content=\"MIGRA\u00c7\u00d5ES E REFUGIADOS: NATUREZA GEOGR\u00c1FICA DAS DESLOCA\u00c7\u00d5ES - Clube Lisboa\" \/>\n<meta property=\"og:url\" content=\"https:\/\/clubelisboa.pt\/en\/conf-debates-eventos\/africa-e-as-eleicoes-nos-eua-2\/\" \/>\n<meta property=\"og:site_name\" content=\"Clube Lisboa\" \/>\n<meta property=\"article:publisher\" content=\"https:\/\/www.facebook.com\/cluboflisbon\" \/>\n<meta property=\"article:modified_time\" content=\"2025-05-28T01:01:16+00:00\" \/>\n<meta property=\"og:image\" content=\"https:\/\/clubelisboa.pt\/wp-content\/uploads\/2025\/05\/0003E5DC2E71E4_1920.jpg\" \/>\n\t<meta property=\"og:image:width\" content=\"1920\" \/>\n\t<meta property=\"og:image:height\" content=\"1280\" \/>\n\t<meta property=\"og:image:type\" content=\"image\/jpeg\" \/>\n<meta name=\"twitter:card\" content=\"summary_large_image\" \/>\n<script type=\"application\/ld+json\" class=\"yoast-schema-graph\">{\"@context\":\"https:\/\/schema.org\",\"@graph\":[{\"@type\":\"WebPage\",\"@id\":\"https:\/\/clubelisboa.pt\/en\/conf-debates-eventos\/africa-e-as-eleicoes-nos-eua-2\/\",\"url\":\"https:\/\/clubelisboa.pt\/en\/conf-debates-eventos\/africa-e-as-eleicoes-nos-eua-2\/\",\"name\":\"MIGRA\u00c7\u00d5ES E REFUGIADOS: NATUREZA GEOGR\u00c1FICA DAS DESLOCA\u00c7\u00d5ES - Clube Lisboa\",\"isPartOf\":{\"@id\":\"https:\/\/clubelisboa.pt\/en\/#website\"},\"primaryImageOfPage\":{\"@id\":\"https:\/\/clubelisboa.pt\/en\/conf-debates-eventos\/africa-e-as-eleicoes-nos-eua-2\/#primaryimage\"},\"image\":{\"@id\":\"https:\/\/clubelisboa.pt\/en\/conf-debates-eventos\/africa-e-as-eleicoes-nos-eua-2\/#primaryimage\"},\"thumbnailUrl\":\"https:\/\/clubelisboa.pt\/wp-content\/uploads\/2025\/05\/0003E5DC2E71E4_1920.jpg\",\"datePublished\":\"2025-05-15T22:11:24+00:00\",\"dateModified\":\"2025-05-28T01:01:16+00:00\",\"breadcrumb\":{\"@id\":\"https:\/\/clubelisboa.pt\/en\/conf-debates-eventos\/africa-e-as-eleicoes-nos-eua-2\/#breadcrumb\"},\"inLanguage\":\"en-US\",\"potentialAction\":[{\"@type\":\"ReadAction\",\"target\":[\"https:\/\/clubelisboa.pt\/en\/conf-debates-eventos\/africa-e-as-eleicoes-nos-eua-2\/\"]}]},{\"@type\":\"ImageObject\",\"inLanguage\":\"en-US\",\"@id\":\"https:\/\/clubelisboa.pt\/en\/conf-debates-eventos\/africa-e-as-eleicoes-nos-eua-2\/#primaryimage\",\"url\":\"https:\/\/clubelisboa.pt\/wp-content\/uploads\/2025\/05\/0003E5DC2E71E4_1920.jpg\",\"contentUrl\":\"https:\/\/clubelisboa.pt\/wp-content\/uploads\/2025\/05\/0003E5DC2E71E4_1920.jpg\",\"width\":1920,\"height\":1280},{\"@type\":\"BreadcrumbList\",\"@id\":\"https:\/\/clubelisboa.pt\/en\/conf-debates-eventos\/africa-e-as-eleicoes-nos-eua-2\/#breadcrumb\",\"itemListElement\":[{\"@type\":\"ListItem\",\"position\":1,\"name\":\"In\u00edcio\",\"item\":\"https:\/\/clubelisboa.pt\/en\/\"},{\"@type\":\"ListItem\",\"position\":2,\"name\":\"Conferences, Debates and other events\",\"item\":\"https:\/\/clubelisboa.pt\/en\/conf-debates-eventos\/\"},{\"@type\":\"ListItem\",\"position\":3,\"name\":\"MIGRA\u00c7\u00d5ES E REFUGIADOS: NATUREZA GEOGR\u00c1FICA DAS DESLOCA\u00c7\u00d5ES\"}]},{\"@type\":\"WebSite\",\"@id\":\"https:\/\/clubelisboa.pt\/en\/#website\",\"url\":\"https:\/\/clubelisboa.pt\/en\/\",\"name\":\"Clube Lisboa\",\"description\":\"Clube Lisboa\",\"potentialAction\":[{\"@type\":\"SearchAction\",\"target\":{\"@type\":\"EntryPoint\",\"urlTemplate\":\"https:\/\/clubelisboa.pt\/en\/?s={search_term_string}\"},\"query-input\":{\"@type\":\"PropertyValueSpecification\",\"valueRequired\":true,\"valueName\":\"search_term_string\"}}],\"inLanguage\":\"en-US\"}]}<\/script>\n<!-- \/ Yoast SEO plugin. -->","yoast_head_json":{"title":"MIGRA\u00c7\u00d5ES E REFUGIADOS: NATUREZA GEOGR\u00c1FICA DAS DESLOCA\u00c7\u00d5ES - Clube Lisboa","robots":{"index":"index","follow":"follow","max-snippet":"max-snippet:-1","max-image-preview":"max-image-preview:large","max-video-preview":"max-video-preview:-1"},"canonical":"https:\/\/clubelisboa.pt\/en\/conf-debates-eventos\/africa-e-as-eleicoes-nos-eua-2\/","og_locale":"en_US","og_type":"article","og_title":"MIGRA\u00c7\u00d5ES E REFUGIADOS: NATUREZA GEOGR\u00c1FICA DAS DESLOCA\u00c7\u00d5ES - Clube Lisboa","og_url":"https:\/\/clubelisboa.pt\/en\/conf-debates-eventos\/africa-e-as-eleicoes-nos-eua-2\/","og_site_name":"Clube Lisboa","article_publisher":"https:\/\/www.facebook.com\/cluboflisbon","article_modified_time":"2025-05-28T01:01:16+00:00","og_image":[{"width":1920,"height":1280,"url":"https:\/\/clubelisboa.pt\/wp-content\/uploads\/2025\/05\/0003E5DC2E71E4_1920.jpg","type":"image\/jpeg"}],"twitter_card":"summary_large_image","schema":{"@context":"https:\/\/schema.org","@graph":[{"@type":"WebPage","@id":"https:\/\/clubelisboa.pt\/en\/conf-debates-eventos\/africa-e-as-eleicoes-nos-eua-2\/","url":"https:\/\/clubelisboa.pt\/en\/conf-debates-eventos\/africa-e-as-eleicoes-nos-eua-2\/","name":"MIGRA\u00c7\u00d5ES E REFUGIADOS: NATUREZA GEOGR\u00c1FICA DAS DESLOCA\u00c7\u00d5ES - Clube Lisboa","isPartOf":{"@id":"https:\/\/clubelisboa.pt\/en\/#website"},"primaryImageOfPage":{"@id":"https:\/\/clubelisboa.pt\/en\/conf-debates-eventos\/africa-e-as-eleicoes-nos-eua-2\/#primaryimage"},"image":{"@id":"https:\/\/clubelisboa.pt\/en\/conf-debates-eventos\/africa-e-as-eleicoes-nos-eua-2\/#primaryimage"},"thumbnailUrl":"https:\/\/clubelisboa.pt\/wp-content\/uploads\/2025\/05\/0003E5DC2E71E4_1920.jpg","datePublished":"2025-05-15T22:11:24+00:00","dateModified":"2025-05-28T01:01:16+00:00","breadcrumb":{"@id":"https:\/\/clubelisboa.pt\/en\/conf-debates-eventos\/africa-e-as-eleicoes-nos-eua-2\/#breadcrumb"},"inLanguage":"en-US","potentialAction":[{"@type":"ReadAction","target":["https:\/\/clubelisboa.pt\/en\/conf-debates-eventos\/africa-e-as-eleicoes-nos-eua-2\/"]}]},{"@type":"ImageObject","inLanguage":"en-US","@id":"https:\/\/clubelisboa.pt\/en\/conf-debates-eventos\/africa-e-as-eleicoes-nos-eua-2\/#primaryimage","url":"https:\/\/clubelisboa.pt\/wp-content\/uploads\/2025\/05\/0003E5DC2E71E4_1920.jpg","contentUrl":"https:\/\/clubelisboa.pt\/wp-content\/uploads\/2025\/05\/0003E5DC2E71E4_1920.jpg","width":1920,"height":1280},{"@type":"BreadcrumbList","@id":"https:\/\/clubelisboa.pt\/en\/conf-debates-eventos\/africa-e-as-eleicoes-nos-eua-2\/#breadcrumb","itemListElement":[{"@type":"ListItem","position":1,"name":"In\u00edcio","item":"https:\/\/clubelisboa.pt\/en\/"},{"@type":"ListItem","position":2,"name":"Conferences, Debates and other events","item":"https:\/\/clubelisboa.pt\/en\/conf-debates-eventos\/"},{"@type":"ListItem","position":3,"name":"MIGRA\u00c7\u00d5ES E REFUGIADOS: NATUREZA GEOGR\u00c1FICA DAS DESLOCA\u00c7\u00d5ES"}]},{"@type":"WebSite","@id":"https:\/\/clubelisboa.pt\/en\/#website","url":"https:\/\/clubelisboa.pt\/en\/","name":"Clube Lisboa","description":"Clube Lisboa","potentialAction":[{"@type":"SearchAction","target":{"@type":"EntryPoint","urlTemplate":"https:\/\/clubelisboa.pt\/en\/?s={search_term_string}"},"query-input":{"@type":"PropertyValueSpecification","valueRequired":true,"valueName":"search_term_string"}}],"inLanguage":"en-US"}]}},"_links":{"self":[{"href":"https:\/\/clubelisboa.pt\/en\/wp-json\/wp\/v2\/conf-debates-eventos\/520","targetHints":{"allow":["GET"]}}],"collection":[{"href":"https:\/\/clubelisboa.pt\/en\/wp-json\/wp\/v2\/conf-debates-eventos"}],"about":[{"href":"https:\/\/clubelisboa.pt\/en\/wp-json\/wp\/v2\/types\/conf-debates-eventos"}],"wp:featuredmedia":[{"embeddable":true,"href":"https:\/\/clubelisboa.pt\/en\/wp-json\/wp\/v2\/media\/430"}],"wp:attachment":[{"href":"https:\/\/clubelisboa.pt\/en\/wp-json\/wp\/v2\/media?parent=520"}],"wp:term":[{"taxonomy":"post_tag","embeddable":true,"href":"https:\/\/clubelisboa.pt\/en\/wp-json\/wp\/v2\/tags?post=520"}],"curies":[{"name":"wp","href":"https:\/\/api.w.org\/{rel}","templated":true}]}}

MIGRAÇÕES E REFUGIADOS: NATUREZA GEOGRÁFICA DAS DESLOCAÇÕES

<!-- This site is optimized with the Yoast SEO plugin v26.2 - https://yoast.com/wordpress/plugins/seo/ -->
<title>MIGRAÇÕES E REFUGIADOS: NATUREZA GEOGRÁFICA DAS DESLOCAÇÕES - Clube Lisboa</title>
<meta name="robots" content="index, follow, max-snippet:-1, max-image-preview:large, max-video-preview:-1" />
<link rel="canonical" href="https://clubelisboa.pt/en/conf-debates-eventos/africa-e-as-eleicoes-nos-eua-2/" />
<meta property="og:locale" content="en_US" />
<meta property="og:type" content="article" />
<meta property="og:title" content="MIGRAÇÕES E REFUGIADOS: NATUREZA GEOGRÁFICA DAS DESLOCAÇÕES - Clube Lisboa" />
<meta property="og:url" content="https://clubelisboa.pt/en/conf-debates-eventos/africa-e-as-eleicoes-nos-eua-2/" />
<meta property="og:site_name" content="Clube Lisboa" />
<meta property="article:publisher" content="https://www.facebook.com/cluboflisbon" />
<meta property="article:modified_time" content="2025-05-28T01:01:16+00:00" />
<meta property="og:image" content="https://clubelisboa.pt/wp-content/uploads/2025/05/0003E5DC2E71E4_1920.jpg" />
	<meta property="og:image:width" content="1920" />
	<meta property="og:image:height" content="1280" />
	<meta property="og:image:type" content="image/jpeg" />
<meta name="twitter:card" content="summary_large_image" />
<script type="application/ld+json" class="yoast-schema-graph">{"@context":"https://schema.org","@graph":[{"@type":"WebPage","@id":"https://clubelisboa.pt/en/conf-debates-eventos/africa-e-as-eleicoes-nos-eua-2/","url":"https://clubelisboa.pt/en/conf-debates-eventos/africa-e-as-eleicoes-nos-eua-2/","name":"MIGRAÇÕES E REFUGIADOS: NATUREZA GEOGRÁFICA DAS DESLOCAÇÕES - Clube Lisboa","isPartOf":{"@id":"https://clubelisboa.pt/en/#website"},"primaryImageOfPage":{"@id":"https://clubelisboa.pt/en/conf-debates-eventos/africa-e-as-eleicoes-nos-eua-2/#primaryimage"},"image":{"@id":"https://clubelisboa.pt/en/conf-debates-eventos/africa-e-as-eleicoes-nos-eua-2/#primaryimage"},"thumbnailUrl":"https://clubelisboa.pt/wp-content/uploads/2025/05/0003E5DC2E71E4_1920.jpg","datePublished":"2025-05-15T22:11:24+00:00","dateModified":"2025-05-28T01:01:16+00:00","breadcrumb":{"@id":"https://clubelisboa.pt/en/conf-debates-eventos/africa-e-as-eleicoes-nos-eua-2/#breadcrumb"},"inLanguage":"en-US","potentialAction":[{"@type":"ReadAction","target":["https://clubelisboa.pt/en/conf-debates-eventos/africa-e-as-eleicoes-nos-eua-2/"]}]},{"@type":"ImageObject","inLanguage":"en-US","@id":"https://clubelisboa.pt/en/conf-debates-eventos/africa-e-as-eleicoes-nos-eua-2/#primaryimage","url":"https://clubelisboa.pt/wp-content/uploads/2025/05/0003E5DC2E71E4_1920.jpg","contentUrl":"https://clubelisboa.pt/wp-content/uploads/2025/05/0003E5DC2E71E4_1920.jpg","width":1920,"height":1280},{"@type":"BreadcrumbList","@id":"https://clubelisboa.pt/en/conf-debates-eventos/africa-e-as-eleicoes-nos-eua-2/#breadcrumb","itemListElement":[{"@type":"ListItem","position":1,"name":"Início","item":"https://clubelisboa.pt/en/"},{"@type":"ListItem","position":2,"name":"Conferences, Debates and other events","item":"https://clubelisboa.pt/en/conf-debates-eventos/"},{"@type":"ListItem","position":3,"name":"MIGRAÇÕES E REFUGIADOS: NATUREZA GEOGRÁFICA DAS DESLOCAÇÕES"}]},{"@type":"WebSite","@id":"https://clubelisboa.pt/en/#website","url":"https://clubelisboa.pt/en/","name":"Clube Lisboa","description":"Clube Lisboa","potentialAction":[{"@type":"SearchAction","target":{"@type":"EntryPoint","urlTemplate":"https://clubelisboa.pt/en/?s={search_term_string}"},"query-input":{"@type":"PropertyValueSpecification","valueRequired":true,"valueName":"search_term_string"}}],"inLanguage":"en-US"}]}</script>
<!-- / Yoast SEO plugin. -->

MIGRAÇÕES E REFUGIADOS: NATUREZA GEOGRÁFICA DAS DESLOCAÇÕES - Clube Lisboa

Início
